derivative of 5 + 0*s**2 + 0*s**3 + 1/6*s**4 + 4*s. Let v(q) be the first derivative of a(q). Determine v(-1).
2
Let d(w) = -15*w - 2. Suppose -20 = -5*l - 10. Calculate d(l).
-32
Let d(m) be the third derivative of m**4/6 - 3*m**3/2 - 193*m**2. Determine d(11).
35
Let z(f) = -f**2 - 7*f + 7. Let v = -429 + 421. What is z(v)?
-1
Let c(i) = -i**2 - 4*i. Suppose 25 = -5*o + 5*d, o + d = 3*d - 7. Let f be c(o). Let x(v) = 2*v + v + 3*v + f. What is x(-2)?
-9
Let g be (42/(-18))/(-2 - 10/(-6)). Let j(b) = -7*b + 10. Determine j(g).
-39
Let b(t) = -11*t**3 + 5*t**2 + 20*t + 3. Let w(v) = 4*v**3 - 2*v**2 - 7*v - 1. Let s(r) = 3*b(r) + 8*w(r). Calculate s(3).
-23
Let d = 1061 + -1070. Let t(p) be the third derivative of -p**5/60 - 7*p**4/24 - p**3 + 5*p**2. Give t(d).
-24
Let i be (-10)/(-65) + 28/(-13) - 1. Let b(m) = -3*m - 4. Calculate b(i).
5
Let n(z) = 2 + 13*z - 8 + 10 + 2*z - 11*z. Give n(1).
8
Let l = -6 - -2. Let w(x) be the second derivative of 1/6*x**3 + 22*x + 2*x**2 + 0. Calculate w(l).
0
Let t(x) = x**2 + 2*x + 1. Suppose 0 = 3*z + 1 - 10. Suppose 15 = -4*d - i, -z*d - 4 = -2*i + 21. Let g be (-6)/3*(-10)/d. Determine t(g).
9
Let a(l) be the first derivative of 5*l - 7/2*l**2 + 1/3*l**3 + 14. Calculate a(7).
5
Let n(y) = -4*y - 4. Let o(a) = 4*a + 5. Suppose 5*c + u = 28, 3*c - 3*u + 29 = 7*c. Let k(b) = c*o(b) + 6*n(b). Determine k(-1).
5
Let p(y) = -y + 5. Let n(m) = 2*m**3 - m**2 - 2*m - 1. Let l be n(-1). Let b(a) = -2*a + 1. Let d be b(l). Determine p(d).
0
Let l(d) = 3*d + 3. Suppose -14*m - m = 30. Calculate l(m).
-3
Let n(q) = -q**2 - 5*q - 1. Suppose 0 = -4*u + 5*c + 41, -2*u + c + 1 = -3*u. Suppose 3*x + 7 = -4*i, i = -u*x + 3 + 5. Determine n(i).
3
Let u(f) = -f**2 + 12 - f**3 + 88960*f - 4*f**2 - 88954*f. What is u(-6)?
12
Let u(t) = -5*t. Suppose 2*m - 36 = -4*m. Let o(k) = 244 + m*k - 244. Let y(v) = -4*o(v) - 6*u(v). Calculate y(2).
12
Suppose 2*w + 9 = -k, 3*w = 5*k - 13 + 6. Let i(v) = v**3 + 4*v**2 + 3*v - 3. Determine i(w).
-15
Let r(h) = -4*h + 24*h**2 + 4*h - 1 - 13*h**2 - 13*h**2. What is r(2)?
-9
Suppose 12 = -17*y - 39. Let a(q) = -3 + 2 - q + 2*q. Give a(y).
-4
Let l(b) = 2*b**2 + 22*b - 17. Let h be l(-12). Suppose -h = 5*z - 32. Let q(o) = o**3 - 6*o**2 + 7*o - 5. What is q(z)?
5
Suppose -2*j - 2 = -k, -3*k - 3*j = -0*j + 3. Let u = 100 + -90. Let b(o) = k*o + o - u + 8. Give b(4).
2
Suppose -m + 284 + 189 = 0. Let h(n) = m - 2*n**2 + n - 473. What is h(1)?
-1
Let n(o) = 4*o + 7. Suppose -m - 4*m - 15 = 0. Calculate n(m).
-5
Let u(r) = -4*r**3 - 4*r**2 - 3*r - 2. Let o(m) = m**3 - 8*m**2 - 10*m + 7. Let f be o(9). Determine u(f).
20
Let c(s) = s**3 - 4*s**2 + 4*s. Let v be c(3). Let h(d) = -2*d - 2*d**3 + d - v + 0*d**3 + 2*d**2 + 4*d. Suppose 0*k = 3*k - 6. Calculate h(k).
-5
Let z(d) = -d**3 - 6*d**2 - 4*d + 7. Suppose i + 2 = -3. Let a = -18 - -17. Let q be 1/((a/i)/(-1)). Calculate z(q).
2
Let l(m) = -2*m - 8. Let a(y) = 4*y + 16. Let q(z) = 6*a(z) + 13*l(z). What is q(-8)?
8
Let o(i) be the second derivative of 3*i**2 + 1/3*i**3 + 0 - i. Determine o(-6).
-6
Let y(z) = -z - 8. Let j = 36 + -21. Let s = j + -11. Let m be (0 - 4) + s + -4. Give y(m).
-4
Let p = -149 - -146. Let r(w) = 2*w + 4. Determine r(p).
-2
Let s be 77/44*(-1 - 7). Let b = s + 17. Suppose b*f - 1 = -13. Let t(l) = -l**2 - 3*l + 4. Give t(f).
0
Let q(w) = w**2 + 5*w - 8. Let a(l) = l**2 + 13*l + 15. Let j be a(-10). Let f be (16/40)/(1/j). Calculate q(f).
-2
Let b be 12 + -1 + 33 + -29. Let s(a) = a - 19. Determine s(b).
-4
Let t = -75 + 83. Let a(w) = -7*w**3 + 8*w**2 + 6*w + 12. Let x(q) = -8*q**3 + 8*q**2 + 7*q + 13. Let u(j) = 7*a(j) - 6*x(j). Determine u(t).
6
Let t(b) = -b**3 + 8*b**2 - b - 3. Let s(k) = k**3 + 7*k**2 - 2*k**3 - k + 2*k**3 - 2*k**3 - 3. Let v(m) = -4*s(m) + 3*t(m). What is v(3)?
-3
Suppose -2450*j + 2439*j = -55. Let v(u) = u**3 - 8*u**2 + 16*u - 1. What is v(j)?
4
Suppose 2*r = 5*p + 10, 0*r - 5*r + 25 = -3*p. Let x = 27 + -25. Let i(v) = 4 - 10*v + 7*v + x*v - 2. Determine i(p).
2
Suppose -q = -4*q - 9, -d + q + 6 = 0. Suppose 0 = -2*t + d*t + 2. Let k(n) = -n**2 - 2*n + 1. Let i(f) = 1. Let v(h) = 2*i(h) - k(h). Give v(t).
1
Let l(x) = -x + 0*x**2 - 5*x**2 + 8*x**2. Let w be (-72)/(-8) - 3 - 25/5. Determine l(w).
2
Let b(d) = d**2 + 7*d - 16. Let z be b(-9). Let p be (-10)/(-3) + (5/3 - z). Let o(h) = -h - 2. Determine o(p).
-5
Let v(s) = -s + 6. Let q be v(4). Let p(t) = 57 - 19*t**q + t - 58 + 0*t. Calculate p(1).
-19
Suppose -5*i - 2*t = -81, -i - 5*t + 9 = -t. Suppose 2*p - i = -23. Let k(j) = j**2 + 3*j. Calculate k(p).
0
Suppose 4*d + 24 = -2*l, -52*l + 50*l - 12 = d. Let n(r) = 3*r**2 + 5*r + 4. Calculate n(d).
32
Let b be ((-72)/30)/((-2)/5). Let y be 72/108 - 2/b*17. Let x(q) be the first derivative of -q**2/2 - 4*q + 1. What is x(y)?
1
Suppose -u - 4*u - 15 = 0. Let d(p) be the second derivative of -p**3/3 + 2*p**2 - p - 289. Determine d(u).
10
Let y = -38 + 45. Let r(x) = -x**2 - 3*x - 5 - 4*x - 2*x**2 + 4*x**2. Calculate r(y).
-5
Let v(a) = -a**3 + 17*a**2 + 42*a - 70. Let h be v(19). Let u(z) = -4*z + 28. Calculate u(h).
4
Let n(q) = 4*q**2 - 4*q - 3. Let g(z) = -6*z**2 + 6*z + 5. Let t(k) = -5*g(k) - 8*n(k). What is t(1)?
-1
Let n(p) = -p**3 - 7*p**2 - 2*p + 3. Let f be 4 - 8 - ((-13 - -4) + 10). Give n(f).
-37
Let s(q) = 1 - 3 + 3 - 10*q - 5 + 10 - 2*q**2. Determine s(-8).
-42
Let t(j) = -j**2 + j + 6. Let u(q) = 11*q**2 - 3*q - 7. Let h(w) = t(w) + u(w). Determine h(2).
35
Let s(x) = -x**3 - x**2 + 2*x + 1. Let b be (-1 + 1)/((-51)/(-17)). Determine s(b).
1
Let g be -139*2/(-8) + (-6)/(-24). Let m(a) = 2*a - g*a**2 - 2*a - a + 27*a**2. Let p = 0 + 1. Determine m(p).
-9
Let x(c) = 7*c - 1. Let j be x(1). Let f(q) = -23*q**2 + 5. Let k(g) = -6*g**2 + 2*g - 1. Let t(z) = f(z) - 4*k(z). Calculate t(j).
-3
Let f(z) = -z**2 + 4*z + 74. Let a be f(-7). Let t(s) be the second derivative of -s**3/6 + s**2 - s. Let m be t(a). Let d(w) = -w + 4. What is d(m)?
-1
Let t(a) = -a - 9. Let p = -654 - -638. Give t(p).
7
Let o(p) be the third derivative of 1/10*p**5 - 5/3*p**3 + 0*p + 13*p**2 - 1/120*p**6 + 3/8*p**4 + 0. Give o(7).
4
Let h(f) be the third derivative of -f**5/60 + 3*f**4/8 - 5*f**3/3 - 2*f**2 + 30. Give h(7).
4
Let x(t) = -t + 4*t**2 + 0*t**2 + 3*t**2. Suppose r - 1 = 2. Let w be -8 + r + 3 - -3. Calculate x(w).
6
Let v(k) = 5*k**2 - 9*k - 6. Suppose 5 = -4*h - 5*w, -3*w - 2*w = 5*h. Let s(x) = 5*x**2 - 8*x - 5. Let i(l) = h*v(l) - 6*s(l). Determine i(2).
-14
Let c(y) = y**3 + 2. Let a(w) = -6*w**3 - w**2 + w - 9. Let n(j) = a(j) + 5*c(j). Calculate n(0).
1
Suppose -14*r + 12*r = 2*i + 22, 15 = -3*r. Let n(o) = 2*o**2 - 3*o - 3. Let m be n(3). Let f(q) = -2 - 2 - m*q - q**2 + 1. Give f(i).
-3
Suppose 21 = -14*y + 17*y. Let w(v) = -v - 7. Determine w(y).
-14
Let i(z) = -1 + 3*z + 0*z + 0 + z**2. Let f = 969 + -973. Calculate i(f).
3
Suppose j - 7*a = -2*a + 16, 11 = 2*j - 3*a. Suppose 7 - j = f. Suppose -f*v = -8*v. Let m(p) = -p + 9. Calculate m(v).
9
Let f(d) = 7*d**2 - 10*d + 11. Let s(x) = 4*x**2 - 5*x + 6. Let z(m) = -3*f(m) + 5*s(m). Let b(q) = -10*q + 15. Let k be b(5). Let n = 38 + k. Give z(n).
3
Let g(d) = d**2 - 3*d - 1. Let t(v) = 48*v + 51. Let p be t(-1). Give g(p).
-1
Let d = -13 - -13. Let a(l) = d*l**3 + 2*l**3 - 4 + 4*l**2 - l**3. Let k = 4 - 8. What is a(k)?
-4
Let u(o) be the second derivative of -o**5/20 + o**4/4 + 5*o**3/6 - 3*o**2 - 9*o + 1. Calculate u(4).
-2
Suppose 3*y + 11*y + 121 = 37. Let c(z) be the second derivative of z**5/20 + 5*z**4/12 - 3*z**3/2 - 7*z**2/2 + z. Determine c(y).
11
Let s(n) = 3*n + 0 + 2 - 1 - n. Suppose 0 = 4*c - 2*c + 10, -185 = 5*t - c. Let k = 36 + t. Give s(k).
-3
Let b(c) = c**2 - 9*c + 4. Suppose 4*u - 1201 = 179. Suppose 7*r - u + 100 = 0. Suppose -3*z = -8*z + r. What is b(z)?
-10
Let y(b) be the second derivative of -b**3/6 + 8*b**2 + 246*b. What is y(16)?
0
Suppose 80*n = -582 + 22. Let y(u) = u**2 + 8*u + 12. Determine y(n).
5
Let o(b) be the second derivative of b**5/10 - b**4/6 - b**3/2 + 3*b**2/2 + 97*b. Determine o(2).
5
Suppose 0 = 4*k + 26 - 2. Let o(f) = 16*f + 3 - 14*f + 6. Determine o(k).
-3
Let k = -57 + 101. Suppose -f = -4*v + v + 130, 0 = -f - 1. Let s(t) = -2 + 2 + k*t - v*t. Determine s(2).
2
Let z(d) = 9*d - 6. Let q 